t b(u) = u**3 - 129*u**2 + 1576*u + 3691. Give b(115).
-219
Let i(o) = 104*o**2 - 1611*o - 308. What is i(16)?
540
Let i(v) = 7*v**2 - 384*v + 1197. Calculate i(3).
108
Let v(k) = -k**2 + 766*k - 61849. Give v(94).
1319
Let o(m) = 5*m**2 - 10108*m - 20224. Determine o(-2).
12
Let r(w) = 306*w + 47117. Give r(-154).
-7
Let q(h) = 48*h**2 + 2541*h - 97. Calculate q(-53).
62
Let s(g) = 3*g**3 - g**2 - 20*g - 91. What is s(5)?
159
Let r(m) = 3212*m + 995732. What is r(-310)?
12
Let k(d) = 4*d**3 - 16*d**2 + 1600*d - 1584. Give k(1).
4
Let x(j) = 123*j**2 - 219*j - 221. What is x(-1)?
121
Let x(u) = -47*u + 11832. Give x(251).
35
Let k(p) = 45*p**2 + 36355*p - 4033. Calculate k(-808).
7
Let y(k) = 3894*k + 38931. Determine y(-10).
-9
Let b(q) = -43*q**2 - 8232*q - 47842. Give b(-6).
2
Let c(p) = 24*p**2 + 326*p + 887. Give c(-7).
-219
Let y(g) = 254*g + 91. Calculate y(0).
91
Let a(s) = s**2 - 1372*s - 32088. Calculate a(-23).
-3
Let j(o) = 741362*o - 16309967. Give j(22).
-3
Let d(f) = -f**2 - 22302*f + 245437. Determine d(11).
-6
Let v(z) = 3302*z + 9609. Calculate v(-3).
-297
Let v(s) = 2*s**2 + 3*s - 171432. What is v(292)?
-28
Let l(z) = -z**2 - 816*z - 7276. What is l(-9)?
-13
Let q(b) = -393*b + 40707. Calculate q(100).
1407
Let p(v) = -2*v**2 - 766*v - 51308. Determine p(-88).
612
Let i(t) = -t**3 + 129*t**2 - 45*t - 1309. What is i(-3)?
14
Let r(q) = -656*q - 66219. What is r(-101)?
37
Let b(o) = -2*o**3 - 397*o**2 - 373*o - 34887. Calculate b(-198).
-237
Let a(p) = -28*p**2 - 708*p + 1292. What is a(-27)?
-4
Let v(d) = d**2 - 560*d + 73156. Determine v(208).
-60
Let n(m) = 2*m**3 + 815*m**2 - 2882*m - 1851. What is n(-411)?
204
Let d(r) = 2*r**3 + 108*r**2 - 681*r - 36769. Determine d(-54).
5
Let s(x) = -47*x**2 - 2829*x - 28833. What is s(-13)?
1
Let f(o) = 2*o**3 - 18*o**2 - 1866*o + 16794. What is f(9)?
0
Let l(o) = -17012*o + 663394. Determine l(39).
-74
Let r(v) = 11438*v - 137315. Give r(12).
-59
Let q(c) = -3732*c + 55329. Determine q(15).
-651
Let n(c) = 454*c - 12899. Give n(28).
-187
Let a(b) = -b**2 + 8641*b + 43210. Give a(-5).
-20
Let f(h) = 76952*h - 153373. Calculate f(2).
531
Let j(h) = 7*h**2 + 204*h + 812. Determine j(-10).
-528
Let l(z) = -205*z + 4938. What is l(33)?
-1827
Let n(y) = -16*y**2 - 140*y + 230. What is n(-13)?
-654
Let d(i) = -i**3 + 20*i**2 - 73*i - 143. Determine d(13).
91
Let l(c) = -8*c**3 - 576*c**2 + 532*c - 3771. Determine l(-73).
25
Let j(p) = -10*p**2 + 751*p + 2202. Determine j(78).
-60
Let v(o) = -2723*o + 1737228. Determine v(638).
-46
Let h(f) = 2*f**2 - 42*f - 274. Calculate h(35).
706
Let t(p) = 2*p**2 - 18986*p - 152003. Determine t(-8).
13
Let z(j) = 2522*j + 2652. Calculate z(-1).
130
Let j(v) = -214100*v - 12417795. Calculate j(-58).
5
Let b(h) = 591*h + 81012. Calculate b(-136).
636
Let k(p) = -p**3 - 79*p**2 - 1285*p - 125556. Determine k(-82).
-14
Let r(j) = -4918*j - 2581959. Calculate r(-525).
-9
Let h(u) = -u**3 - 127*u**2 + 296*u + 5038. Give h(-129).
136
Let i(r) = -439*r**2 + 36534*r + 76. Give i(83).
8127
Let r(p) = -7*p**3 + 36*p**2 - 28*p + 160. What is r(5)?
45
Let b(l) = -l**2 - 422*l - 9926. Determine b(-25).
-1
Let h(q) = 1114*q + 49073. Determine h(-44).
57
Let c(z) = z**2 - 4468*z + 1652895. What is c(407)?
68
Let r(h) = -440*h - 7789. Give r(-18).
131
Let g(p) = -150*p**2 - 7768*p + 1669. What is g(-52)?
5
Let k(r) = 7*r**3 - 1728*r**2 - 251*r + 1021. Determine k(247).
33
Let u(i) = 5*i**2 - 227*i + 436. Calculate u(44).
128
Let a(x) = -5289*x - 73994. Calculate a(-14).
52
Let z(w) = 29825*w - 119306. Calculate z(4).
-6
Let j(f) = -f**3 - 84*f**2 - 7*f - 181. Give j(-84).
407
Let d(w) = -20759*w - 1598443. Determine d(-77).
0
Let u(s) = -s**2 - 48112*s + 48112. What is u(1)?
-1
Let i(g) = -5*g**3 - 390*g**2 + 9*g + 709. Determine i(-78).
7
Let v(w) = -32*w**2 - 2966*w - 68142. Determine v(-42).
-18
Let n(j) = -2*j**3 + 314*j**2 + 291*j + 3950. What is n(158)?
0
Let x(p) = p**3 - 9*p**2 - 124*p + 11. Give x(-8).
-85
Let y(p) = -3*p**2 - 431*p - 13768. Determine y(-96).
-40
Let d(z) = z**3 - 30*z**2 - 784*z + 23598. Calculate d(29).
21
Let c(d) = -49155*d + 245735. What is c(5)?
-40
Let j(s) = 25059*s + 375881. Calculate j(-15).
-4
Let u(y) = 3*y**3 + 463*y**2 + 132*y + 303. Calculate u(-154).
3691
Let u(k) = -k**2 + 1636*k + 214461. Determine u(-122).
-15
Let c(l) = -l**3 + 212*l**2 - 516*l + 63808. Give c(211).
-547
Let r(s) = 3*s**2 + 59*s + 93. Determine r(-7).
-173
Let j(k) = 7*k**3 + 9650*k**2 + 5548*k + 49613. Determine j(-1378).
5
Let j(u) = 15*u**2 - 570*u + 2109. Give j(4).
69
Let f(a) = 15*a**2 + 624*a - 461. Give f(-42).
-209
Let j(a) = a**2 - 3*a + 117. Calculate j(-16).
421
Let h(i) = -i**3 - 531*i**2 - 7750*i - 5096. What is h(-516)?
64
Let u(q) = 7319*q - 687978. Calculate u(94).
8
Let h(g) = 135*g + 13214. Give h(-97).
119
Let m(j) = -6*j**2 + 69*j - 673. Calculate m(9).
-538
Let h(m) = m**3 + 219*m**2 + 5137*m - 1265. What is h(-27)?
4
Let v(j) = -150*j - 16994. What is v(-109)?
-644
Let m(b) = 2*b**2 + 60*b - 798. What is m(-46)?
674
Let q(p) = -p**3 + 130*p**2 + 1675*p + 49114. Give q(144).
10
Let p(f) = 7*f**3 - 12*f**2 - 21*f + 141. Determine p(4).
313
Let l(q) = -659*q - 278764. Give l(-423).
-7
Let p(v) = 15*v**3 + 72*v**2 + 23*v - 98. What is p(-4)?
2
Let f(r) = -21*r**2 + 9716*r - 38531. Calculate f(4).
-3
Let x(i) = -17630*i + 24664369. Give x(1399).
-1
Let x(v) = -5206269*v + 26031359. Determine x(5).
14
Let b(l) = l**3 + 20*l**2 + 155*l + 34. What is b(-9)?
-470
Let b(g) = -784*g - 22780. Give b(-29).
-44
Let p(l) = -48529*l + 2086742. Calculate p(43).
-5
Let m(k) = -3*k**2 + 1180*k + 2416. Determine m(-2).
44
Let s(o) = -6223599*o - 18670804. What is s(-3)?
-7
Let t(m) = m**3 + 130*m**2 - 80*m + 6659. Give t(-131).
-22
Let w(n) = -18*n**3 + 38*n**2 - 416*n + 817. What is w(2)?
-7
Let j(m) = m**2 + 58*m - 333. Calculate j(-41).
-1030
Let v(j) = -6*j**3 - 16*j**2 - 22*j - 1. What is v(-2)?
27
Let l(s) = -11*s**2 - 152*s + 316. What is l(-15)?
121
Let k(f) = -65*f - 555. What is k(10)?
-1205
Let l(z) = 245*z - 7971. Determine l(23).
-2336
Let d(c) = 12577*c + 238969. Give d(-19).
6
Let o(q) = -21287*q - 85054. Determine o(-4).
94
Let l(k) = 549*k**2 - 69173*k - 76. What is l(126)?
50
Let i(q) = -162*q - 3665. Calculate i(-17).
-911
Let o(f) = 24*f**2 - 33997*f - 33995. Calculate o(-1).
26
Let t(u) = -u + 563. Calculate t(-103).
666
Let f(r) = -93735*r + 562202. Determine f(6).
-208
Let h(p) = -4698*p - 32896. Give h(-7).
-10
Let o(q) = 5*q**3 - 59*q**2 - 80*q + 829. Give o(12).
13
Let v(a) = -2*a**3 + 171*a**2 + 2333*a - 76. Give v(-12).
8
Let d(m) = m**3 - 24*m**2 + 75*m + 1464. Give d(0).
1464
Let h(f) = -10271*f - 595689. Give h(-58).
29
Let k(u) = -34450*u - 551190. Calculate k(-16).
10
Let q(p) = -32490*p - 227464. Give q(-7).
-34
Let i(u) = 1076*u - 95780. Calculate i(89).
-16
Let i(f) = 2*f**2 - 217*f + 361. Calculate i(2).
-65
Let z(x) = 247*x - 9338. Determine z(38).
48
Let l(w) = w**3 + 233*w**2 + 1158*w + 35. What is l(-5)?
-55
Let r(h) = -13*h**2 + 834*h - 2505. Calculate r(3).
-120
Let z(k) = -k**3 - 27*k**2 + 331*k + 8464. Calculate z(-28).
-20
Let v(p) = -11*p**2 + 4170*p + 12218. What is v(382)?
-6
Let p(d) = 535591*d + 7498271. What is p(-14)?
-3
Let z(g) = -46239*g - 786109. Calculate z(-17).
-46
Let x(j) = j**2 + 37*j + 1145. Determine x(0).
1145
Let z(d) = 5*d**3 - 76*d**2 - 98*d + 913. Calculate z(18).
3685
Let z(k) = 2835*k + 8821. Give z(-3).
316
Let v(p) = p**3 + 4*p**2 + 280*p - 845. What is v(3)?
58
Let m(x) = -2*x**2 + 359*x + 28764. Give m(-60).
24
Let q(w) = 54918*w + 4503272. Determine q(-82).
-4
Let l(m) = 2938*m - 1448444. Give l(493).
-10
Let b(a) = a**3 + 5*a**2 + a - 53. Give b(-14).
-1831
Let x(h) = h**3 - 19*h**2 + 110*h - 43. Determine x(7).
139
Let m(t) = -565*t - 20869. Give m(-37).
36
Let d(j) = j**2 + 12849*j + 115551. Determine d(-9).
-9
Let x(j) = 3250*j + 5188. What is x(-2)?
-1312
Let p(g) = 3175*g - 15884. What is p(5)?
-9
Let k(u) = -28456*u**2 + 256116*u - 64. What is k(9)?
44
Let g(j) = -4056*j + 750406. What is g(185)?
46
Let i(d) = -d**3 + 87*d**2 + 194*d + 33. Calculate i(-2).
1
Let o(l) = -36*l**3 - 26*l**2 + 37*l - 2. What is o(2)?
-320
Let s(y) = 1312*y - 869777. Calculate s(663).
79
